

{"id":24222,"date":"2024-10-18T17:28:35","date_gmt":"2024-10-18T17:28:35","guid":{"rendered":"https:\/\/www.kozakli.com.tr\/?page_id=24222"},"modified":"2024-10-18T17:32:39","modified_gmt":"2024-10-18T17:32:39","slug":"kvkk-aydinlatma-metni","status":"publish","type":"page","link":"https:\/\/www.kozakli.com.tr\/en\/kvkk-aydinlatma-metni\/","title":{"rendered":"KVKK Ayd\u0131nlatma Metni"},"content":{"rendered":"<div data-elementor-type=\"wp-page\" data-elementor-id=\"24222\" class=\"elementor elementor-24222\" data-elementor-post-type=\"page\">\n\t\t\t\t\t\t<section class=\"elementor-section elementor-top-section elementor-element elementor-element-80ce6df elementor-section-boxed elementor-section-height-default elementor-section-height-default sc_fly_static\" data-id=\"80ce6df\" data-element_type=\"section\">\n\t\t\t\t\t\t<div class=\"elementor-container elementor-column-gap-extended\">\n\t\t\t\t\t<div class=\"elementor-column elementor-col-100 elementor-top-column elementor-element elementor-element-a3659ee sc_content_align_inherit sc_layouts_column_icons_position_left sc_fly_static\" data-id=\"a3659ee\" data-element_type=\"column\">\n\t\t\t<div class=\"elementor-widget-wrap elementor-element-populated\">\n\t\t\t\t\t\t<div class=\"elementor-element elementor-element-34eee84 sc_height_huge sc_fly_static elementor-widget elementor-widget-spacer\" data-id=\"34eee84\" data-element_type=\"widget\" data-widget_type=\"spacer.default\">\n\t\t\t\t<div class=\"elementor-widget-container\">\n\t\t\t\t\t\t\t<div class=\"elementor-spacer\">\n\t\t\t<div class=\"elementor-spacer-inner\"><\/div>\n\t\t<\/div>\n\t\t\t\t\t\t<\/div>\n\t\t\t\t<\/div>\n\t\t\t\t<div class=\"elementor-element elementor-element-e31490e sc_fly_static elementor-widget elementor-widget-text-editor\" data-id=\"e31490e\" data-element_type=\"widget\" data-widget_type=\"text-editor.default\">\n\t\t\t\t<div class=\"elementor-widget-container\">\n\t\t\t\t\t\t\t\t\t<p><strong>1. Veri Sorumlusu:<\/strong> Kozakl\u0131 Tar\u0131m olarak, 6698 say\u0131l\u0131 Ki\u015fisel Verilerin Korunmas\u0131 Kanunu (\u201cKVKK\u201d) kapsam\u0131nda veri sorumlusu s\u0131fat\u0131yla, ki\u015fisel verilerinizi a\u015fa\u011f\u0131da a\u00e7\u0131klanan \u00e7er\u00e7evede ve yasal mevzuata uygun olarak i\u015flemekteyiz.<\/p><p><strong>2. Ki\u015fisel Verilerin \u0130\u015flenme Amac\u0131:<\/strong> Toplanan ki\u015fisel verileriniz, \u015fu ama\u00e7larla i\u015flenmektedir:<\/p><ul><li>Web sitemizdeki hizmetlerimizi sa\u011flamak,<\/li><li>\u00dcr\u00fcn ve hizmetlerimiz hakk\u0131nda bilgi vermek,<\/li><li>\u0130leti\u015fim taleplerinizi yan\u0131tlamak,<\/li><li>Mevzuata uygun \u015fekilde ticari faaliyetlerimizi y\u00fcr\u00fctmek,<\/li><li>\u0130statistiki ve analiz ama\u00e7l\u0131 veri toplamak,<\/li><li>Yasal y\u00fck\u00fcml\u00fcl\u00fcklerimizi yerine getirmek.<\/li><\/ul><p><strong>3. Ki\u015fisel Verilerin Toplanma Y\u00f6ntemi ve Hukuki Sebebi:<\/strong> Ki\u015fisel verileriniz, internet sitemiz \u00fczerinden elektronik ortamda, \u00e7erezler (cookies) arac\u0131l\u0131\u011f\u0131yla otomatik yollarla toplanabilir. Verileriniz, KVKK\u2019n\u0131n 5. ve 6. maddelerinde belirtilen hukuki sebepler do\u011frultusunda i\u015flenmektedir.<\/p><p><strong>4. Ki\u015fisel Verilerin Aktar\u0131m\u0131:<\/strong> Ki\u015fisel verileriniz, yasal y\u00fck\u00fcml\u00fcl\u00fcklerimizi yerine getirmek amac\u0131yla ilgili kamu kurum ve kurulu\u015flar\u0131na ve i\u015f ortaklar\u0131m\u0131za aktar\u0131labilir. Ayr\u0131ca, teknik altyap\u0131 sa\u011flay\u0131c\u0131lar\u0131m\u0131zla s\u0131n\u0131rl\u0131 olmak \u00fczere \u00fc\u00e7\u00fcnc\u00fc ki\u015filerle payla\u015f\u0131labilir.<\/p><p><strong>5. Ki\u015fisel Verilerin Saklanma S\u00fcresi:<\/strong> Ki\u015fisel verileriniz, i\u015flenme amac\u0131n\u0131n gerektirdi\u011fi s\u00fcre boyunca veya ilgili yasalarda belirtilen s\u00fcreler boyunca saklanacakt\u0131r. Bu s\u00fcreler sona erdi\u011finde verileriniz imha edilecektir.<\/p><p><strong>6. KVKK Kapsam\u0131ndaki Haklar\u0131n\u0131z:<\/strong> Ki\u015fisel verilerinize ili\u015fkin olarak KVKK\u2019n\u0131n 11. maddesi uyar\u0131nca, a\u015fa\u011f\u0131daki haklara sahipsiniz:<\/p><ul><li>Ki\u015fisel verilerinizin i\u015flenip i\u015flenmedi\u011fini \u00f6\u011frenme,<\/li><li>Ki\u015fisel verileriniz i\u015flenmi\u015fse buna ili\u015fkin bilgi talep etme,<\/li><li>Ki\u015fisel verilerinizin i\u015flenme amac\u0131n\u0131 \u00f6\u011frenme,<\/li><li>Yanl\u0131\u015f veya eksik i\u015flenen verilerin d\u00fczeltilmesini talep etme,<\/li><li>Ki\u015fisel verilerinizin silinmesini veya yok edilmesini isteme,<\/li><li>\u0130\u015flenen verilerinizin \u00fc\u00e7\u00fcnc\u00fc ki\u015filere aktar\u0131l\u0131p aktar\u0131lmad\u0131\u011f\u0131n\u0131 \u00f6\u011frenme,<\/li><li>Kanuna ayk\u0131r\u0131 veri i\u015fleme sonucunda zarara u\u011framan\u0131z halinde tazminat talep etme.<\/li><\/ul><p><strong>7. \u0130leti\u015fim:<\/strong> KVKK kapsam\u0131ndaki haklar\u0131n\u0131z\u0131 kullanmak ve di\u011fer sorular\u0131n\u0131z i\u00e7in bizimle ileti\u015fime ge\u00e7ebilirsiniz:<\/p><ul><li><strong>Adres:<\/strong> <a href=\"https:\/\/maps.app.goo.gl\/6vFnV6Mf9Posvj717\">Hac\u0131osman Mah. Postac\u0131 Sk. No: 1 G\u00f6me\u00e7 \/ Bal\u0131kesir<\/a><\/li><li><strong>Telefon:<\/strong><span style=\"color: #333333;\"> <a style=\"color: #333333;\" href=\"tel:+902663571372\">+ 90 266 357 13 72<\/a><\/span><\/li><li><strong>E-posta:<\/strong> <a href=\"mailto:info@kozakli.com.tr\">info@kozakli.com.tr<\/a><\/li><\/ul>\t\t\t\t\t\t\t\t<\/div>\n\t\t\t\t<\/div>\n\t\t\t\t<div class=\"elementor-element elementor-element-9237bab sc_height_huge sc_fly_static elementor-widget elementor-widget-spacer\" data-id=\"9237bab\" data-element_type=\"widget\" data-widget_type=\"spacer.default\">\n\t\t\t\t<div class=\"elementor-widget-container\">\n\t\t\t\t\t\t\t<div class=\"elementor-spacer\">\n\t\t\t<div class=\"elementor-spacer-inner\"><\/div>\n\t\t<\/div>\n\t\t\t\t\t\t<\/div>\n\t\t\t\t<\/div>\n\t\t\t\t\t<\/div>\n\t\t<\/div>\n\t\t\t\t\t<\/div>\n\t\t<\/section>\n\t\t\t\t<\/div>","protected":false},"excerpt":{"rendered":"<p>1. Veri Sorumlusu: Kozakl\u0131 Tar\u0131m olarak, 6698 say\u0131l\u0131 Ki\u015fisel Verilerin Korunmas\u0131 Kanunu (\u201cKVKK\u201d) kapsam\u0131nda veri sorumlusu s\u0131fat\u0131yla, ki\u015fisel verilerinizi a\u015fa\u011f\u0131da a\u00e7\u0131klanan \u00e7er\u00e7evede ve yasal mevzuata uygun olarak i\u015flemekteyiz. 2. Ki\u015fisel&hellip;<\/p>","protected":false},"author":1,"featured_media":0,"parent":0,"menu_order":0,"comment_status":"closed","ping_status":"closed","template":"","meta":{"footnotes":""},"class_list":["post-24222","page","type-page","status-publish","hentry"],"_links":{"self":[{"href":"https:\/\/www.kozakli.com.tr\/en\/wp-json\/wp\/v2\/pages\/24222","targetHints":{"allow":["GET"]}}],"collection":[{"href":"https:\/\/www.kozakli.com.tr\/en\/wp-json\/wp\/v2\/pages"}],"about":[{"href":"https:\/\/www.kozakli.com.tr\/en\/wp-json\/wp\/v2\/types\/page"}],"author":[{"embeddable":true,"href":"https:\/\/www.kozakli.com.tr\/en\/wp-json\/wp\/v2\/users\/1"}],"replies":[{"embeddable":true,"href":"https:\/\/www.kozakli.com.tr\/en\/wp-json\/wp\/v2\/comments?post=24222"}],"version-history":[{"count":4,"href":"https:\/\/www.kozakli.com.tr\/en\/wp-json\/wp\/v2\/pages\/24222\/revisions"}],"predecessor-version":[{"id":24227,"href":"https:\/\/www.kozakli.com.tr\/en\/wp-json\/wp\/v2\/pages\/24222\/revisions\/24227"}],"wp:attachment":[{"href":"https:\/\/www.kozakli.com.tr\/en\/wp-json\/wp\/v2\/media?parent=24222"}],"curies":[{"name":"wp","href":"https:\/\/api.w.org\/{rel}","templated":true}]}}

KVKK Aydınlatma Metni

<div data-elementor-type="wp-page" data-elementor-id="24222" class="elementor elementor-24222" data-elementor-post-type="page">
						<section class="elementor-section elementor-top-section elementor-element elementor-element-80ce6df elementor-section-boxed elementor-section-height-default elementor-section-height-default sc_fly_static" data-id="80ce6df" data-element_type="section">
						<div class="elementor-container elementor-column-gap-extended">
					<div class="elementor-column elementor-col-100 elementor-top-column elementor-element elementor-element-a3659ee sc_content_align_inherit sc_layouts_column_icons_position_left sc_fly_static" data-id="a3659ee" data-element_type="column">
			<div class="elementor-widget-wrap elementor-element-populated">
						<div class="elementor-element elementor-element-34eee84 sc_height_huge sc_fly_static elementor-widget elementor-widget-spacer" data-id="34eee84" data-element_type="widget" data-widget_type="spacer.default">
				<div class="elementor-widget-container">
							<div class="elementor-spacer">
			<div class="elementor-spacer-inner"></div>
		</div>
						</div>
				</div>
				<div class="elementor-element elementor-element-e31490e sc_fly_static elementor-widget elementor-widget-text-editor" data-id="e31490e" data-element_type="widget" data-widget_type="text-editor.default">
				<div class="elementor-widget-container">
									<p><strong>1. Veri Sorumlusu:</strong> Kozaklı Tarım olarak, 6698 sayılı Kişisel Verilerin Korunması Kanunu (“KVKK”) kapsamında veri sorumlusu sıfatıyla, kişisel verilerinizi aşağıda açıklanan çerçevede ve yasal mevzuata uygun olarak işlemekteyiz.</p><p><strong>2. Kişisel Verilerin İşlenme Amacı:</strong> Toplanan kişisel verileriniz, şu amaçlarla işlenmektedir:</p><ul><li>Web sitemizdeki hizmetlerimizi sağlamak,</li><li>Ürün ve hizmetlerimiz hakkında bilgi vermek,</li><li>İletişim taleplerinizi yanıtlamak,</li><li>Mevzuata uygun şekilde ticari faaliyetlerimizi yürütmek,</li><li>İstatistiki ve analiz amaçlı veri toplamak,</li><li>Yasal yükümlülüklerimizi yerine getirmek.</li></ul><p><strong>3. Kişisel Verilerin Toplanma Yöntemi ve Hukuki Sebebi:</strong> Kişisel verileriniz, internet sitemiz üzerinden elektronik ortamda, çerezler (cookies) aracılığıyla otomatik yollarla toplanabilir. Verileriniz, KVKK’nın 5. ve 6. maddelerinde belirtilen hukuki sebepler doğrultusunda işlenmektedir.</p><p><strong>4. Kişisel Verilerin Aktarımı:</strong> Kişisel verileriniz, yasal yükümlülüklerimizi yerine getirmek amacıyla ilgili kamu kurum ve kuruluşlarına ve iş ortaklarımıza aktarılabilir. Ayrıca, teknik altyapı sağlayıcılarımızla sınırlı olmak üzere üçüncü kişilerle paylaşılabilir.</p><p><strong>5. Kişisel Verilerin Saklanma Süresi:</strong> Kişisel verileriniz, işlenme amacının gerektirdiği süre boyunca veya ilgili yasalarda belirtilen süreler boyunca saklanacaktır. Bu süreler sona erdiğinde verileriniz imha edilecektir.</p><p><strong>6. KVKK Kapsamındaki Haklarınız:</strong> Kişisel verilerinize ilişkin olarak KVKK’nın 11. maddesi uyarınca, aşağıdaki haklara sahipsiniz:</p><ul><li>Kişisel verilerinizin işlenip işlenmediğini öğrenme,</li><li>Kişisel verileriniz işlenmişse buna ilişkin bilgi talep etme,</li><li>Kişisel verilerinizin işlenme amacını öğrenme,</li><li>Yanlış veya eksik işlenen verilerin düzeltilmesini talep etme,</li><li>Kişisel verilerinizin silinmesini veya yok edilmesini isteme,</li><li>İşlenen verilerinizin üçüncü kişilere aktarılıp aktarılmadığını öğrenme,</li><li>Kanuna aykırı veri işleme sonucunda zarara uğramanız halinde tazminat talep etme.</li></ul><p><strong>7. İletişim:</strong> KVKK kapsamındaki haklarınızı kullanmak ve diğer sorularınız için bizimle iletişime geçebilirsiniz:</p><ul><li><strong>Adres:</strong> <a href="https://maps.app.goo.gl/6vFnV6Mf9Posvj717">Hacıosman Mah. Postacı Sk. No: 1 Gömeç / Balıkesir</a></li><li><strong>Telefon:</strong><span style="color: #333333;"> <a style="color: #333333;" href="tel:+902663571372">+ 90 266 357 13 72</a></span></li><li><strong>E-posta:</strong> <a href="mailto:info@kozakli.com.tr">info@kozakli.com.tr</a></li></ul>								</div>
				</div>
				<div class="elementor-element elementor-element-9237bab sc_height_huge sc_fly_static elementor-widget elementor-widget-spacer" data-id="9237bab" data-element_type="widget" data-widget_type="spacer.default">
				<div class="elementor-widget-container">
							<div class="elementor-spacer">
			<div class="elementor-spacer-inner"></div>
		</div>
						</div>
				</div>
					</div>
		</div>
					</div>
		</section>
				</div>

<p>1. Veri Sorumlusu: Kozaklı Tarım olarak, 6698 sayılı Kişisel Verilerin Korunması Kanunu (“KVKK”) kapsamında veri sorumlusu sıfatıyla, kişisel verilerinizi aşağıda açıklanan çerçevede ve yasal mevzuata uygun olarak işlemekteyiz. 2. Kişisel&hellip;</p>
